{"id":130,"date":"2020-06-11T11:36:55","date_gmt":"2020-06-11T11:36:55","guid":{"rendered":"http:\/\/peterteuschl.at\/?page_id=130"},"modified":"2024-02-29T10:31:45","modified_gmt":"2024-02-29T10:31:45","slug":"projektleitung","status":"publish","type":"page","link":"https:\/\/peterteuschl.at\/?page_id=130","title":{"rendered":"PROJEKTLEITUNG"},"content":{"rendered":"\n<p>Aufgrund meiner Erfahrungen im Event- und Marketingbereich, biete ich auch die Leitung von Events auf externer Basis an.<\/p>\n\n\n\n<p class=\"has-very-light-gray-background-color has-background\"><strong>Meine Erfahrungen:<\/strong><\/p>\n\n\n\n<ul class=\"wp-block-list\"><li>\u00fcber 30 Jahre im Eventbereich t\u00e4tig<\/li><li>\u00fcber 20 Jahren bei stadt wien marketing gmbh (Aufbau &amp; Positionierung der Marke \u201eBewegung findet Stadt\u201c, Sportstars Gala u.v.m.)<\/li><li>unz\u00e4hlige Events im Sport- und Jugendbereich (Jugendcircuits, Turnierabwicklung, Logistik, Aufbau, Abwicklung, Marketing, Konzepterstellung etc.)<\/li><li>Abwicklung internationaler Gross-Events (Davis Cup, EURO 2008 etc.)<\/li><li>Umsetzung Schwerpunkt Jahres Themen ( Jahr der Frauen, Jahr der Menschen mit besonderen Bed\u00fcrfnissen, Fu\u00dfball etc.)<\/li><\/ul>\n\n\n\n<p class=\"has-very-light-gray-background-color has-background\"><strong>Folgende Leistungen biete ich an:<\/strong><\/p>\n\n\n\n<ul class=\"wp-block-list\"><li>Konzepterstellung<\/li><li>Budgeterstellung <\/li><li>Abwicklung Drucksorten &amp; Werbemittel<\/li><li>Marketing- &amp; Promotionma\u00dfnahmen<\/li><li>Content f\u00fcr Social Media<\/li><li>Content f\u00fcr Website<\/li><li>Abwicklung &amp; Produktion von Drucksorten und Werbemittel<\/li><li>Besprechungen mit Partnern<\/li><li>Offert Einholung &amp; Preispr\u00fcfung<\/li><li>Organisation &amp; Koordination<\/li><li>Besprechung mit Professionisten<\/li><li>Begehungen mit Professionisten<\/li><li>Beh\u00f6rdenabwicklung &amp; Genehmigungen<\/li><li>Aufbau- und Abbauleitung &amp; Logistik<\/li><li>Veranstaltungs-Dienst<\/li><li>Abrechnung<\/li><\/ul>\n\n\n\n<p class=\"has-text-align-center has-very-light-gray-background-color has-background\">Kosten f\u00fcr den Tagessatz auf Anfrage projektbezogen variierend! Bitte kontaktieren Sie mich unter:<br><a href=\"mailto:office@peterteuschl.at\">office@peterteuschl.at<\/a> oder per Tel.: 0660 39 39 141<\/p>\n\n\n\n<figure class=\"wp-block-image size-large\"><img loading=\"lazy\" decoding=\"async\" width=\"1024\" height=\"768\" src=\"http:\/\/peterteuschl.at\/wp-content\/uploads\/2020\/05\/utah-85455_1920-1024x768.jpg\" alt=\"\" class=\"wp-image-38\" srcset=\"https:\/\/peterteuschl.at\/wp-content\/uploads\/2020\/05\/utah-85455_1920-1024x768.jpg 1024w, https:\/\/peterteuschl.at\/wp-content\/uploads\/2020\/05\/utah-85455_1920-300x225.jpg 300w, https:\/\/peterteuschl.at\/wp-content\/uploads\/2020\/05\/utah-85455_1920-768x576.jpg 768w, https:\/\/peterteuschl.at\/wp-content\/uploads\/2020\/05\/utah-85455_1920-1536x1152.jpg 1536w, https:\/\/peterteuschl.at\/wp-content\/uploads\/2020\/05\/utah-85455_1920-1140x855.jpg 1140w, https:\/\/peterteuschl.at\/wp-content\/uploads\/2020\/05\/utah-85455_1920.jpg 1920w\" sizes=\"auto, (max-width: 1024px) 100vw, 1024px\" \/><\/figure>\n","protected":false},"excerpt":{"rendered":"<p>Aufgrund meiner Erfahrungen im Event- und Marketingbereich, biete ich auch die Leitung von Events auf externer Basis an. Meine Erfahrungen: \u00fcber 30 Jahre im Eventbereich t\u00e4tig \u00fcber 20 Jahren bei stadt wien marketing gmbh (Aufbau &amp; Positionierung der Marke \u201eBewegung findet Stadt\u201c, Sportstars Gala u.v.m.) unz\u00e4hlige Events im Sport- und Jugendbereich (Jugendcircuits, Turnierabwicklung, Logistik, Aufbau, Abwicklung, Marketing, Konzepterstellung etc.) Abwicklung internationaler Gross-Events (Davis Cup, EURO 2008 etc.) Umsetzung Schwerpunkt Jahres Themen ( Jahr der Frauen, Jahr der Menschen mit besonderen Bed\u00fcrfnissen, Fu\u00dfball etc.) Folgende Leistungen biete ich an: Konzepterstellung Budgeterstellung Abwicklung Drucksorten &amp; Werbemittel Marketing- &amp; Promotionma\u00dfnahmen Content f\u00fcr Social Media Content f\u00fcr Website Abwicklung &amp; Produktion von Drucksorten und Werbemittel Besprechungen mit Partnern Offert Einholung &amp; Preispr\u00fcfung Organisation &amp; Koordination Besprechung mit Professionisten Begehungen mit Professionisten Beh\u00f6rdenabwicklung &amp; Genehmigungen Aufbau- und Abbauleitung &amp; Logistik Veranstaltungs-Dienst Abrechnung Kosten f\u00fcr den Tagessatz auf Anfrage projektbezogen variierend! Bitte kontaktieren Sie mich unter:office@peterteuschl.at oder per Tel.: 0660 39 39 141<\/p>\n","protected":false},"author":1,"featured_media":0,"parent":0,"menu_order":0,"comment_status":"closed","ping_status":"closed","template":"","meta":{"footnotes":""},"class_list":["post-130","page","type-page","status-publish","hentry"],"jetpack_sharing_enabled":true,"_links":{"self":[{"href":"https:\/\/peterteuschl.at\/index.php?rest_route=\/wp\/v2\/pages\/130","targetHints":{"allow":["GET"]}}],"collection":[{"href":"https:\/\/peterteuschl.at\/index.php?rest_route=\/wp\/v2\/pages"}],"about":[{"href":"https:\/\/peterteuschl.at\/index.php?rest_route=\/wp\/v2\/types\/page"}],"author":[{"embeddable":true,"href":"https:\/\/peterteuschl.at\/index.php?rest_route=\/wp\/v2\/users\/1"}],"replies":[{"embeddable":true,"href":"https:\/\/peterteuschl.at\/index.php?rest_route=%2Fwp%2Fv2%2Fcomments&post=130"}],"version-history":[{"count":6,"href":"https:\/\/peterteuschl.at\/index.php?rest_route=\/wp\/v2\/pages\/130\/revisions"}],"predecessor-version":[{"id":270,"href":"https:\/\/peterteuschl.at\/index.php?rest_route=\/wp\/v2\/pages\/130\/revisions\/270"}],"wp:attachment":[{"href":"https:\/\/peterteuschl.at\/index.php?rest_route=%2Fwp%2Fv2%2Fmedia&parent=130"}],"curies":[{"name":"wp","href":"https:\/\/api.w.org\/{rel}","templated":true}]}}