{"id":45,"date":"2020-05-19T10:47:47","date_gmt":"2020-05-19T10:47:47","guid":{"rendered":"http:\/\/peterteuschl.at\/?page_id=45"},"modified":"2020-06-17T16:37:55","modified_gmt":"2020-06-17T16:37:55","slug":"impressum","status":"publish","type":"page","link":"https:\/\/peterteuschl.at\/?page_id=45","title":{"rendered":"IMPRESSUM"},"content":{"rendered":"\n<p><strong>Firmensitz<\/strong>:<br>Fabriksgel\u00e4nde 9 \u2013 7201 Neud\u00f6rfl (\u00d6sterreich)<\/p>\n\n\n\n<p><strong>Kontaktdaten:<br><\/strong>Peter Teuschl<br>Mobil: 0660 39 39 141<br>Mail: <a href=\"mailto:office@peterteuschl.at\">office@peterteuschl.at<\/a><\/p>\n\n\n\n<p><strong>Fotocredits:<\/strong><br>\u00a9 canva.com<br>\u00a9 Pixapay<br>\u00a9 Gudrun Thaller<br>\u00a9 fotolia.de<\/p>\n\n\n\n<p>Lay out, Text und grafische Aufbearbeitung (c)Gudrun Thaller&nbsp;<a href=\"http:\/\/www.gudrun-thaller-event-marketing.at\/\">www.gudrun-thaller-event-marketing.at<\/a><\/p>\n\n\n\n<p>Die Inhalte dieser Webseite sind urheberrechtlich gesch\u00fctzt. Die Informationen sind nur f\u00fcr die pers\u00f6nliche Verwendung bestimmt. Jede weitergehende Nutzung insbesondere die Speicherung in Datenbanken, Vervielf\u00e4ltigung und jede Form von gewerblicher Nutzung sowie die Weitergabe an Dritte \u2013 auch in Teilen oder in \u00fcberarbeiteter Form \u2013 ohne Zustimmung ist untersagt.<\/p>\n\n\n\n<p>Im Hinblick auf die technischen Eigenschaften des Internet kann keine Gew\u00e4hr f\u00fcr die Authentizit\u00e4t, Richtigkeit und Vollst\u00e4ndigkeit der im Internet zur Verf\u00fcgung gestellten Informationen \u00fcbernommen werden. Es wird auch keine Gew\u00e4hr f\u00fcr die Verf\u00fcgbarkeit oder den Betrieb der gegenst\u00e4ndlichen Webseite und ihrer Inhalte \u00fcbernommen.<\/p>\n\n\n\n<p>Jede Haftung f\u00fcr unmittelbare, mittelbare oder sonstige Sch\u00e4den, unabh\u00e4ngig von deren Ursachen, die aus der Benutzung oder Nichtverf\u00fcgbarkeit der Daten und Informationen dieser Webseite erwachsen, wird, soweit rechtlich zul\u00e4ssig, ausgeschlossen.<\/p>\n\n\n\n<figure class=\"wp-block-image size-large\"><img loading=\"lazy\" decoding=\"async\" width=\"1024\" height=\"682\" src=\"http:\/\/peterteuschl.at\/wp-content\/uploads\/2020\/05\/people-2591132_1920-1024x682.jpg\" alt=\"\" class=\"wp-image-35\" srcset=\"https:\/\/peterteuschl.at\/wp-content\/uploads\/2020\/05\/people-2591132_1920-1024x682.jpg 1024w, https:\/\/peterteuschl.at\/wp-content\/uploads\/2020\/05\/people-2591132_1920-300x200.jpg 300w, https:\/\/peterteuschl.at\/wp-content\/uploads\/2020\/05\/people-2591132_1920-768x512.jpg 768w, https:\/\/peterteuschl.at\/wp-content\/uploads\/2020\/05\/people-2591132_1920-1536x1023.jpg 1536w, https:\/\/peterteuschl.at\/wp-content\/uploads\/2020\/05\/people-2591132_1920-1140x759.jpg 1140w, https:\/\/peterteuschl.at\/wp-content\/uploads\/2020\/05\/people-2591132_1920.jpg 1920w\" sizes=\"auto, (max-width: 1024px) 100vw, 1024px\" \/><figcaption>balance<\/figcaption><\/figure>\n","protected":false},"excerpt":{"rendered":"<p>Firmensitz:Fabriksgel\u00e4nde 9 \u2013 7201 Neud\u00f6rfl (\u00d6sterreich) Kontaktdaten:Peter TeuschlMobil: 0660 39 39 141Mail: office@peterteuschl.at Fotocredits:\u00a9 canva.com\u00a9 Pixapay\u00a9 Gudrun Thaller\u00a9 fotolia.de Lay out, Text und grafische Aufbearbeitung (c)Gudrun Thaller&nbsp;www.gudrun-thaller-event-marketing.at Die Inhalte dieser Webseite sind urheberrechtlich gesch\u00fctzt. Die Informationen sind nur f\u00fcr die pers\u00f6nliche Verwendung bestimmt. Jede weitergehende Nutzung insbesondere die Speicherung in Datenbanken, Vervielf\u00e4ltigung und jede Form von gewerblicher Nutzung sowie die Weitergabe an Dritte \u2013 auch in Teilen oder in \u00fcberarbeiteter Form \u2013 ohne Zustimmung ist untersagt. Im Hinblick auf die technischen Eigenschaften des Internet kann keine Gew\u00e4hr f\u00fcr die Authentizit\u00e4t, Richtigkeit und Vollst\u00e4ndigkeit der im Internet zur Verf\u00fcgung gestellten Informationen \u00fcbernommen werden. Es wird auch keine Gew\u00e4hr f\u00fcr die Verf\u00fcgbarkeit oder den Betrieb der gegenst\u00e4ndlichen Webseite und ihrer Inhalte \u00fcbernommen. Jede Haftung f\u00fcr unmittelbare, mittelbare oder sonstige Sch\u00e4den, unabh\u00e4ngig von deren Ursachen, die aus der Benutzung oder Nichtverf\u00fcgbarkeit der Daten und Informationen dieser Webseite erwachsen, wird, soweit rechtlich zul\u00e4ssig, ausgeschlossen.<\/p>\n","protected":false},"author":1,"featured_media":0,"parent":0,"menu_order":0,"comment_status":"closed","ping_status":"closed","template":"","meta":{"footnotes":""},"class_list":["post-45","page","type-page","status-publish","hentry"],"jetpack_sharing_enabled":true,"_links":{"self":[{"href":"https:\/\/peterteuschl.at\/index.php?rest_route=\/wp\/v2\/pages\/45","targetHints":{"allow":["GET"]}}],"collection":[{"href":"https:\/\/peterteuschl.at\/index.php?rest_route=\/wp\/v2\/pages"}],"about":[{"href":"https:\/\/peterteuschl.at\/index.php?rest_route=\/wp\/v2\/types\/page"}],"author":[{"embeddable":true,"href":"https:\/\/peterteuschl.at\/index.php?rest_route=\/wp\/v2\/users\/1"}],"replies":[{"embeddable":true,"href":"https:\/\/peterteuschl.at\/index.php?rest_route=%2Fwp%2Fv2%2Fcomments&post=45"}],"version-history":[{"count":4,"href":"https:\/\/peterteuschl.at\/index.php?rest_route=\/wp\/v2\/pages\/45\/revisions"}],"predecessor-version":[{"id":219,"href":"https:\/\/peterteuschl.at\/index.php?rest_route=\/wp\/v2\/pages\/45\/revisions\/219"}],"wp:attachment":[{"href":"https:\/\/peterteuschl.at\/index.php?rest_route=%2Fwp%2Fv2%2Fmedia&parent=45"}],"curies":[{"name":"wp","href":"https:\/\/api.w.org\/{rel}","templated":true}]}}